e prime factors of 12054.
2, 3, 7, 41
List the prime factors of 27.
3
List the prime factors of 55758.
2, 3, 9293
What are the prime factors of 5162?
2, 29, 89
What are the prime factors of 90?
2, 3, 5
List the prime factors of 48950.
2, 5, 11, 89
What are the prime factors of 3281?
17, 193
What are the prime factors of 11893?
7, 1699
What are the prime factors of 1622?
2, 811
List the prime factors of 7849.
47, 167
List the prime factors of 12389.
13, 953
What are the prime factors of 17626?
2, 7, 1259
List the prime factors of 2262.
2, 3, 13, 29
List the prime factors of 43.
43
What are the prime factors of 16448?
2, 257
What are the prime factors of 149025?
3, 5, 1987
List the prime factors of 6711.
3, 2237
List the prime factors of 331.
331
List the prime factors of 3769.
3769
List the prime factors of 5543.
23, 241
List the prime factors of 1177.
11, 107
What are the prime factors of 20631?
3, 13, 23
List the prime factors of 493.
17, 29
What are the prime factors of 22621?
22621
List the prime factors of 975.
3, 5, 13
List the prime factors of 2735.
5, 547
List the prime factors of 19986.
2, 3, 3331
What are the prime factors of 139?
139
What are the prime factors of 1855?
5, 7, 53
List the prime factors of 15421.
7, 2203
List the prime factors of 3708.
2, 3, 103
What are the prime factors of 46419?
3, 15473
What are the prime factors of 450?
2, 3, 5
What are the prime factors of 143?
11, 13
List the prime factors of 3041.
3041
What are the prime factors of 224?
2, 7
What are the prime factors of 2607?
3, 11, 79
What are the prime factors of 8593?
13, 661
List the prime factors of 152312.
2, 79, 241
What are the prime factors of 44559?
3, 4951
List the prime factors of 1448.
2, 181
List the prime factors of 48383.
48383
What are the prime factors of 284?
2, 71
What are the prime factors of 17991?
3, 1999
What are the prime factors of 10260?
2, 3, 5, 19
List the prime factors of 8163.
3, 907
List the prime factors of 14536.
2, 23, 79
What are the prime factors of 8435?
5, 7, 241
List the prime factors of 38987.
13, 2999
What are the prime factors of 422?
2, 211
List the prime factors of 2334.
2, 3, 389
List the prime factors of 619.
619
List the prime factors of 39895.
5, 79, 101
What are the prime factors of 609?
3, 7, 29
What are the prime factors of 8641?
8641
What are the prime factors of 2343?
3, 11, 71
What are the prime factors of 11588?
2, 2897
List the prime factors of 113032.
2, 71, 199
List the prime factors of 2961.
3, 7, 47
List the prime factors of 411.
3, 137
List the prime factors of 19318.
2, 13, 743
List the prime factors of 14227.
41, 347
List the prime factors of 543.
3, 181
List the prime factors of 102220.
2, 5, 19, 269
What are the prime factors of 3113?
11, 283
What are the prime factors of 1623?
3, 541
List the prime factors of 60691.
137, 443
What are the prime factors of 794?
2, 397
What are the prime factors of 1315?
5, 263
List the prime factors of 19443.
3, 6481
What are the prime factors of 42041?
17, 2473
What are the prime factors of 850?
2, 5, 17
What are the prime factors of 53815?
5, 47, 229
What are the prime factors of 5414?
2, 2707
What are the prime factors of 7845?
3, 5, 523
List the prime factors of 8499.
3, 2833
List the prime factors of 301.
7, 43
List the prime factors of 57402.
2, 3, 1063
What are the prime factors of 410?
2, 5, 41
What are the prime factors of 4136?
2, 11, 47
List the prime factors of 274.
2, 137
List the prime factors of 110497.
47, 2351
List the prime factors of 4684.
2, 1171
List the prime factors of 2829.
3, 23, 41
List the prime factors of 2512.
2, 157
List the prime factors of 12799.
12799
List the prime factors of 1532.
2, 383
What are the prime factors of 16224?
2, 3, 13
What are the prime factors of 3344?
2, 11, 19
List the prime factors of 1537.
29, 53
What are the prime factors of 61741?
29, 2129
What are the prime factors of 586?
2, 293
List the prime factors of 4227.
3, 1409
What are the prime factors of 3707?
11, 337
What are the prime factors of 1925?
5, 7, 11
What are the prime factors of 6521?
6521
List the prime factors of 1831.
1831
What are the prime factors of 49172?
2, 19, 647
What are the prime factors of 30116?
2, 7529
List the prime factors of 18714.
2, 3, 3119
What are the prime factors of 32557?
7, 4651
What are the prime factors of 11019?
3, 3673
List the prime factors of 11331.
3, 1259
List the prime factors of 50574.
2, 3, 8429
List the prime factors of 5003.
5003
What are the prime factors of 37738?
2, 18869
What are the prime factors of 44100?
2, 3, 5, 7
List the prime factors of 1713.
3, 571
List the prime factors of 42648.
2, 3, 1777
List the prime factors of 415.
5, 83
What are the prime factors of 11300?
2, 5, 113
What are the prime factors of 48272?
2, 7, 431
List the prime factors of 427.
7, 61
List the prime factors of 7944.
2, 3, 331
What are the prime factors of 32895?
3, 5, 17, 43
What are the prime factors of 10289?
10289
List the prime factors of 121330.
2, 5, 11, 1103
List the prime factors of 2673.
3, 11
What are the prime factors of 13325?
5, 13, 41
List the prime factors of 1487.
1487
What are the prime factors of 8274?
2, 3, 7, 197
List the prime factors of 5666.
2, 2833
What are the prime factors of 7303?
67, 109
What are the prime factors of 1236?
2, 3, 103
List the prime factors of 51985.
5, 37, 281
What are the prime factors of 28260?
2, 3, 5, 157
List the prime factors of 4122.
2, 3, 229
What are the prime factors of 845?
5, 13
List the prime factors of 16925.
5, 677
List the prime factors of 6240.
2, 3, 5, 13
What are the prime factors of 1647?
3, 61
List the prime factors of 11368.
2, 7, 29
List the prime factors of 5687.
11, 47
What are the prime factors of 593?
593
What are the prime factors of 49882?
2, 7, 509
What are the prime factors of 865?
5, 173
What are the prime factors of 1465?
5, 293
List the prime factors of 38555.
5, 11, 701
What are the prime factors of 416?
2, 13
List the prime factors of 76535.
5, 15307
What are the prime factors of 591?
3, 197
List the prime factors of 1961.
37, 53
What are the prime factors of 2360?
2, 5, 59
What are the prime factors of 216?
2, 3
What are the prime factors of 4669?
7, 23, 29
List the prime factors of 852.
2, 3, 71
What are the prime factors of 349?
349
What are the prime factors of 17305?
5, 3461
List the prime factors of 22169.
7, 3167
List the prime factors of 11040.
2, 3, 5, 23
List the prime factors of 78216.
2, 3, 3259
List the prime factors of 6754.
2, 11, 307
List the prime factors of 22365.
3, 5, 7, 71
List the prime factors of 6781.
6781
What are the prime factors of 29454?
2, 3, 4909
List the prime factors of 735.
3, 5, 7
List the prime factors of 37401.
3, 7, 13, 137
List the prime factors of 2675.
5, 107
List the prime factors of 736.
2, 23
What are the prime factors of 1968?
2, 3, 41
List the prime factors of 6790.
2, 5, 7, 97
What are the prime factors of 15939?
3, 7, 11, 23
List the prime factors of 11422.
2, 5711
List the prime factors of 955.
5, 191
List the prime factors of 678.
2, 3, 113
List the prime factors of 135.
3, 5
List the prime factors of 1305.
3, 5, 29
List the prime factors of 153513.
3, 37, 461
What are the prime factors of 26096?
2, 7, 233
List the prime factors of 821.
821
What are the prime factors of 1210?
2, 5, 11
List the prime factors of 3216.
2, 3, 67
What are the prime factors of 1612?
2, 13, 31
What are the prime factors of 2536?
2, 317
What are the prime factors of 2218?
2, 1109
What are the prime factors of 3210?
2, 3, 5, 107
What are the prime factors of 42645?
3, 5, 2843
What are the prime factors of 9069?
3, 3023
List the prime factors of 11178.
2, 3, 23
List the prime factors of 13063.
13063
List the prime factors of 124462.
2, 13, 4787
List the prime factors of 1407.
3, 7, 67
List the prime factors of 341.
11, 31
List the prime factors of 81756.
2, 3, 757
List the prime factors of 593.
593
What are the prime factors of 1202?
2, 601
List the prime factors of 58320.
2, 3, 5
List the prime factors of 25772.
2, 17, 379
List the prime factors of 5623.
5623
What are the prime factors of 22612?
2, 5653
What are the prime factors of 2512?
2, 157
What are the prime factors of 1167?
3, 389
What are the prime factors of 197?